= k. Is a composite?
False
Let f = 15 + 34. Is f a prime number?
False
Is (-946 - 1)/(-1) - -4 prime?
False
Let y(j) = 8*j**2 + j + 1. Let h(t) = -16*t**2 - 2*t - 2. Let a(r) = 4*h(r) + 9*y(r). Let x be a(2). Suppose p = -0*p + x. Is p a prime number?
False
Let i(g) be the third derivative of -g**4/24 - g**3/2 + g**2. Let q be i(-3). Suppose q = 3*r - 5*w - 107 + 6, -4*w - 66 = -2*r. Is r a prime number?
True
Let r = 1 - -2. Let p be r - ((-9)/3 - -3). Suppose -3*q + 5*d = -47, p*q = -q + 2*d + 72. Is q prime?
True
Suppose -4*m + 27 = -3*v, 4*m + 5*v = -m + 25. Suppose -m*s = -3*s - 15. Suppose -5*z = -3*t - 36, -13 = s*t - 3. Is z composite?
True
Suppose 3*f - 3*w = -2*w + 125, 5*w - 192 = -4*f. Is f a composite number?
False
Let v(i) = i**3 + 5*i**2 - 2*i + 3. Let g be v(-6). Is (g - 2)*3/(-1) prime?
False
Suppose x = 308 + 531. Is x composite?
False
Let c = 173 - -26. Is c a prime number?
True
Let g be 1/2*0/(-1). Suppose x = -5 + 8. Suppose g = x*t + 2*t - 50. Is t composite?
True
Let w be 0/7 + 173/1. Suppose 0 = 4*h - w - 63. Is h prime?
True
Let x = 260 + -10. Let k = -148 + x. Let n = k - -121. Is n a prime number?
True
Suppose 1637 = -6*v + 12443. Is v composite?
False
Let v be ((-6)/(-8))/((-2)/(-32)). Suppose d - 6 = k, 3*k + 0*k = -3*d + v. Is k - (14*-1 - 2) a composite number?
True
Let u = -62 - -157. Is u a prime number?
False
Let t be 4/(-6) - (-682)/6. Let z = t - 57. Let d = 81 - z. Is d prime?
False
Let a(w) = w**2 - 3*w + 3. Let f be a(2). Is (-18 - f)*1/(-1) prime?
True
Is (-1501)/(-3) - 20/(-30) prime?
False
Let a(d) = -133*d**2 + d + 1. Let l(f) = -12 + 12 + f**2. Let o(u) = -a(u) - 6*l(u). Is o(-1) a composite number?
False
Suppose -10253 = -5*m + 4*n, n = 2*n - 3. Is m prime?
True
Suppose 4 = -4*g, -4*h + 4*g + 1735 = -17. Is h a composite number?
True
Let f(z) = 79*z - 5. Let i(o) = 236*o - 15. Let n(r) = 7*f(r) - 2*i(r). Is n(4) prime?
False
Let r(h) = 2*h**2 + 7*h - 1. Is r(-8) a prime number?
True
Let c(f) = f - 1. Let m(x) = -18*x + 4. Let h be (-8)/(-20) + 32/(-5). Let n(z) = h*c(z) - m(z). Is n(2) a composite number?
True
Let z = 26 - 16. Suppose 0 = -h + 5*h - 2*r - z, 2*h - 9 = -3*r. Let p(a) = -a**3 + 3*a**2 + 2*a + 3. Is p(h) prime?
False
Let g be 7/2 - (-1)/(-2). Let o be 12*(-1)/((-12)/4). Suppose 238 = 4*f + 2*a, -1 + o = g*a. Is f a composite number?
False
Suppose 3*o = -3*t - 42, 0 = 5*o + 14 - 4. Is (356/(-10))/(t/30) prime?
True
Suppose -5*k = -5*b - 415, 4*b + b = -5*k + 415. Is k composite?
False
Let o(s) = s**3 + 4*s**2 - 2*s - 7. Is o(6) a prime number?
False
Let l be (-58)/(-4) + (-6)/(-4). Let q = l - 2. Is q composite?
True
Let w = 1 + 1. Suppose 0 = 2*m + w*m - 380. Suppose 3*j = 8*j - m. Is j composite?
False
Let z(w) = 11*w**2 + w + 29. Let d(r) = -16*r**2 - r - 44. Let n(o) = -5*d(o) - 7*z(o). Is n(-14) a composite number?
True
Let h(m) = -40*m + 5. Is h(-12) a composite number?
True
Suppose -5*x + 5*y + 107 = -18, -3*x + 51 = 3*y. Let b = -8 + x. Is b prime?
True
Suppose -3*m = 12*m - 36405. Is m a composite number?
True
Let t(n) = -n**2 - 6*n - 2. Let k be t(-5). Let c(j) = -4*j + 50 + 29 + k*j. Is c(0) a prime number?
True
Suppose j - 3*g = -4*j + 63, -2*g = -5*j + 62. Let r be j/(-2 + 3) + 1. Is (-2)/r + (-3009)/(-39) a composite number?
True
Let i be (3/9)/(3/27). Suppose -c = -i*h + 2*c + 9, -4*h - c = -7. Suppose -5*v = h*a - 9, 2*a + a = -5*v + 6. Is v a composite number?
False
Let m = 8 - 5. Suppose -m - 10 = -c. Is c a composite number?
False
Suppose -4 = 4*c, 9*i + 165 = 5*i - 5*c. Let s be ((-132)/10)/(2/i). Suppose -5*y + 57 = d, -y + 78 = -4*d + s. Is d prime?
True
Suppose 3*j - 2 = 5*j. Let p(r) = 34*r**2 + r + 1. Let t be p(j). Let q = -15 + t. Is q a composite number?
False
Suppose -i - 116 = -5*i. Let y = 26 - 11. Let z = i - y. Is z composite?
True
Suppose -1 + 333 = 4*m. Is m a prime number?
True
Let o(z) = 78*z**2 + z. Suppose 3*g = 2*s - 2*g - 17, 4*s + 5*g + 11 = 0. Is o(s) composite?
False
Suppose -4*o + o + 2*c = -26, -16 = -2*o + c. Suppose o*y = 2*y + 220. Is y prime?
False
Suppose 0 = -3*i + g + 5699, -5*g + 1309 = 5*i - 8216. Is i a prime number?
True
Suppose -4*j + 1 + 3 = 0. Suppose -4*k + 11 + j = 0. Is k a composite number?
False
Suppose 4*t = -16, -3*i - 2*i = -4*t - 31. Suppose -i*y = -34 - 113. Suppose -3*h = -q - y, 2*q - 11 = -h + q. Is h a composite number?
True
Suppose 0 = y - 146 - 89. Is y composite?
True
Suppose 23 = -g + 9. Let t be (7/3)/(10/90). Let h = g + t. Is h a prime number?
True
Let w be (229/(-2))/(1/2). Let h = 70 - w. Is h composite?
True
Let h(c) = -c + 1. Let p(v) = 2*v + 13. Let r(g) = -2*h(g) + p(g). Let t(b) = -2*b + 1. Let d be t(-4). Is r(d) a prime number?
True
Let f(c) = -c**3 + 10*c**2 + c - 6. Let i be f(10). Suppose -994 = -i*x + 186. Is x a prime number?
False
Suppose -180 - 325 = -o. Is o a composite number?
True
Let m(x) = -x**2 + x + 11. Let v(g) = g**2 - 2*g - 10. Let q(s) = 3*m(s) + 4*v(s). Is q(-6) a composite number?
False
Suppose h - 1910 = -4*h. Is h prime?
False
Let r = 50 + -11. Let b(s) = -s**2 - 8*s - 11. Let w be b(-4). Suppose -r = -v + 2*p - 4*p, -2*p = -w*v + 183. Is v composite?
False
Let a be ((-3098)/3)/(4/(-12)). Suppose 633 = -5*j + a. Suppose -5*m + 168 = b, -3*m = 3*b + m - j. Is b a prime number?
True
Let o(u) = 18*u**3 - 4*u**2 + 4*u - 4. Let g be o(3). Let k(v) = -v**3 - v**2 - 267. Let f be k(0). Let i = g + f. Is i composite?
False
Let k(o) = 36*o**3 + o + 1. Let l be k(-1). Is (-2678)/(-10) + l/45 prime?
False
Let j(m) = -m**3 + 9*m**2 - 7*m - 4. Let i be j(8). Let c = 93 + i. Is c a composite number?
False
Let k be (14/(-3))/(28/(-1386)). Suppose -141 - k = -4*s. Is s a prime number?
False
Suppose -5*u + 9 + 16 = -2*h, -36 = -3*u - 3*h. Let f(c) = 9*c - 7. Let p be f(u). Suppose -p = -2*n + 3*j, 4*n - 2*n = j + 60. Is n composite?
False
Let i be (-4)/18 - (-20)/9. Suppose h + 549 = i*g, -3*h - 1222 = -5*g + 152. Suppose 5*j = 4*c - g, c + j = -3*j + 63. Is c a composite number?
False
Let z = -10 + 13. Suppose z*w - 3 = 2*k + 4, -13 = 3*w + 2*k. Let j(f) = 59*f**2 + f + 1. Is j(w) composite?
False
Let b = 79 - 135. Let o be -2*1/(2/37). Let w = o - b. Is w a composite number?
False
Suppose 3*a - 6*s - 1395 = -2*s, 481 = a + 4*s. Is a prime?
False
Suppose 3*u - 482 = 127. Is u a composite number?
True
Suppose 4*a = -6*v + v + 11445, 4*v - a = 9135. Is v a prime number?
False
Suppose 5*d - 16 + 6 = 0. Let y(s) = -58*s + 1. Let a(g) = 57*g - 1. Let i(b) = -4*a(b) - 5*y(b). Is i(d) a prime number?
False
Suppose 0 = -5*s + 4*r + 575, -3*s = -s - 5*r - 213. Is s prime?
False
Suppose 0 = 4*k + 14 + 22. Let q(x) be the first derivative of -15*x**2/2 - 2*x - 1. Is q(k) composite?
True
Is 3/(-1 + (-294)/(-291)) prime?
False
Let v be 0 + (-3)/((-9)/(-12)). Let r = 1 - v. Suppose 21 = -r*m + 506. Is m prime?
True
Suppose 614 - 174 = 4*u. Suppose 4*m - 2*m = u. Is m a composite number?
True
Let c = 9 + -5. Let b = 4 - 2. Suppose 458 = 5*f - 3*r, -c*r = -f - b*f + 277. Is f prime?
False
Let b = 16 + -43. Is -2 - b - (2 + -2) prime?
False
Suppose -2 = -2*f + 6. Suppose -3*g = 5*h - f - 6, -4*h = -5*g - 8. Is h a composite number?
False
Let m(y) = -y**3 - 4*y**2 - 4*y - 4. Let p be m(-4). Suppose -q + p = q. Is (38/3)/(4/q) composite?
False
Suppose 3*b = -5*u - 0*u + 3, 5*u = 2*b + 23. Suppose 2*k + 0*k = o - 207, 5*o = u*k + 1021. Is o a prime number?
False
Let z(p) be the first derivative of 5*p**2/2 + 14*p + 2. Is z(11) prime?
False
Is 118 - 12/(-16)*-4 a composite number?
True
Suppose -2026 = -8*y + 1278. Is y a prime number?
False
Suppose 4*k + 2*l - 1112 = 0, 0 = -3*l - 0 + 6. Is k composite?
False
Let r(y) = -203*y + 33. Is r(-8) a composite number?
False
Suppose 2*g - 123 = q + 45, -4*g + 326 = 3*q. Is g prime?
True
Suppose v - 2 = -0. Is v/(-12) + 979/6 a prime number?
True
Let a(u) = u**2 + 3*u + 6. Let c be a(-5). Suppose 2*d = -2*d + c. Is (-2)/8 - (-341)/d composite?
True
Let t = 40 - 21. Is t prime?
True
Let z = -13 + 29. Is (-28)/z*1*-44 composite?
True
Suppose 2*m = -3*k - 0 + 2, -1 = -5*k - m. Let l be 6/24 + 1846/8. Suppose k*j - l = -3*j. Is j a prime number?
False
Let k(q) = -2*q - 5. Let p be (-1)/(-1 - (-12)/10). Let r be k(p). Suppose -r*y = l - 45, -l - 5*y + 80 = l. Is l a prime 